{"id":29552,"date":"2026-04-28T09:09:24","date_gmt":"2026-04-28T09:09:24","guid":{"rendered":"https:\/\/swsm.pl\/?post_type=waznekomunikaty_cpt&#038;p=29552"},"modified":"2026-04-28T09:10:27","modified_gmt":"2026-04-28T09:10:27","slug":"uprzejmie-informujemy-ze-w-dniu-03-04-2026-r-dziekanat-biblioteka-oraz-kwestura-beda-nieczynne","status":"publish","type":"waznekomunikaty_cpt","link":"https:\/\/swsm.pl\/ru\/uprzejmie-informujemy-ze-w-dniu-03-04-2026-r-dziekanat-biblioteka-oraz-kwestura-beda-nieczynne\/","title":{"rendered":"Uprzejmie informujemy, \u017ce w dniu 2.05.2026 r. Dziekanat, Biblioteka oraz Kwestura b\u0119d\u0105 nieczynne."},"content":{"rendered":"<section class=\"textBlock textBlock--0 \">\n    <div class=\"tbc\">\n        <div class=\"container\">\n            <div class=\"row\">\n                                    <div class=\"col-12\">\n                                                                                                    <div class=\"text text--2 color--navy-500 tbc__desc\"><p>Uprzejmie informujemy, \u017ce w dniu <strong>2.05.2026 r<\/strong>. Dziekanat, Biblioteka oraz Kwestura b\u0119d\u0105 <strong>nieczynne<\/strong>.<\/p>\n<\/div>                                                                    <\/div>\n                                                                                                            <\/div>\n        <\/div>\n    <\/div>\n<\/section>\n","protected":false},"author":9,"parent":0,"menu_order":0,"template":"","meta":{"_acf_changed":true},"waznekomunikaty_cpt_tags":[76,85],"class_list":["post-29552","waznekomunikaty_cpt","type-waznekomunikaty_cpt","status-publish","hentry","waznekomunikaty_cpt_tags-godziny-pracy","waznekomunikaty_cpt_tags-wazne"],"acf":{"alert_on":false,"alert_filter_tag_select":false,"alert_filter_by_tag":[],"modalComunicatHeader_blog":"","modalComunicatHeader_link":null,"awarded_post":true},"yoast_head":"<!-- This site is optimized with the Yoast SEO plugin v27.5 - https:\/\/yoast.com\/product\/yoast-seo-wordpress\/ -->\n<title>Uprzejmie informujemy, \u017ce w dniu 2.05.2026 r. Dziekanat, Biblioteka oraz Kwestura b\u0119d\u0105 nieczynne. - SWSM<\/title>\n<meta name=\"robots\" content=\"index, follow, max-snippet:-1, max-image-preview:large, max-video-preview:-1\" \/>\n<link rel=\"canonical\" href=\"https:\/\/swsm.pl\/uprzejmie-informujemy-ze-w-dniu-03-04-2026-r-dziekanat-biblioteka-oraz-kwestura-beda-nieczynne\/\" \/>\n<meta property=\"og:locale\" content=\"ru_RU\" \/>\n<meta property=\"og:type\" content=\"article\" \/>\n<meta property=\"og:title\" content=\"Uprzejmie informujemy, \u017ce w dniu 2.05.2026 r. Dziekanat, Biblioteka oraz Kwestura b\u0119d\u0105 nieczynne. - SWSM\" \/>\n<meta property=\"og:url\" content=\"https:\/\/swsm.pl\/uprzejmie-informujemy-ze-w-dniu-03-04-2026-r-dziekanat-biblioteka-oraz-kwestura-beda-nieczynne\/\" \/>\n<meta property=\"og:site_name\" content=\"SWSM\" \/>\n<meta property=\"article:modified_time\" content=\"2026-04-28T09:10:27+00:00\" \/>\n<meta name=\"twitter:card\" content=\"summary_large_image\" \/>\n<script type=\"application\/ld+json\" class=\"yoast-schema-graph\">{\"@context\":\"https:\\\/\\\/schema.org\",\"@graph\":[{\"@type\":\"WebPage\",\"@id\":\"https:\\\/\\\/swsm.pl\\\/uprzejmie-informujemy-ze-w-dniu-03-04-2026-r-dziekanat-biblioteka-oraz-kwestura-beda-nieczynne\\\/\",\"url\":\"https:\\\/\\\/swsm.pl\\\/uprzejmie-informujemy-ze-w-dniu-03-04-2026-r-dziekanat-biblioteka-oraz-kwestura-beda-nieczynne\\\/\",\"name\":\"Uprzejmie informujemy, \u017ce w dniu 2.05.2026 r. Dziekanat, Biblioteka oraz Kwestura b\u0119d\u0105 nieczynne. - SWSM\",\"isPartOf\":{\"@id\":\"https:\\\/\\\/swsm.pl\\\/#website\"},\"datePublished\":\"2026-04-28T09:09:24+00:00\",\"dateModified\":\"2026-04-28T09:10:27+00:00\",\"breadcrumb\":{\"@id\":\"https:\\\/\\\/swsm.pl\\\/uprzejmie-informujemy-ze-w-dniu-03-04-2026-r-dziekanat-biblioteka-oraz-kwestura-beda-nieczynne\\\/#breadcrumb\"},\"inLanguage\":\"ru-RU\",\"potentialAction\":[{\"@type\":\"ReadAction\",\"target\":[\"https:\\\/\\\/swsm.pl\\\/uprzejmie-informujemy-ze-w-dniu-03-04-2026-r-dziekanat-biblioteka-oraz-kwestura-beda-nieczynne\\\/\"]}]},{\"@type\":\"BreadcrumbList\",\"@id\":\"https:\\\/\\\/swsm.pl\\\/uprzejmie-informujemy-ze-w-dniu-03-04-2026-r-dziekanat-biblioteka-oraz-kwestura-beda-nieczynne\\\/#breadcrumb\",\"itemListElement\":[{\"@type\":\"ListItem\",\"position\":1,\"name\":\"Strona g\u0142\u00f3wna\",\"item\":\"https:\\\/\\\/swsm.pl\\\/ru\\\/\"},{\"@type\":\"ListItem\",\"position\":2,\"name\":\"Uprzejmie informujemy, \u017ce w dniu 2.05.2026 r. Dziekanat, Biblioteka oraz Kwestura b\u0119d\u0105 nieczynne.\"}]},{\"@type\":\"WebSite\",\"@id\":\"https:\\\/\\\/swsm.pl\\\/#website\",\"url\":\"https:\\\/\\\/swsm.pl\\\/\",\"name\":\"SWSM\",\"description\":\"\u015al\u0105ska Wy\u017csza Szko\u0142a Medyczna w Katowicach\",\"potentialAction\":[{\"@type\":\"SearchAction\",\"target\":{\"@type\":\"EntryPoint\",\"urlTemplate\":\"https:\\\/\\\/swsm.pl\\\/?s={search_term_string}\"},\"query-input\":{\"@type\":\"PropertyValueSpecification\",\"valueRequired\":true,\"valueName\":\"search_term_string\"}}],\"inLanguage\":\"ru-RU\"}]}<\/script>\n<!-- \/ Yoast SEO plugin. -->","yoast_head_json":{"title":"Uprzejmie informujemy, \u017ce w dniu 2.05.2026 r. Dziekanat, Biblioteka oraz Kwestura b\u0119d\u0105 nieczynne. - SWSM","robots":{"index":"index","follow":"follow","max-snippet":"max-snippet:-1","max-image-preview":"max-image-preview:large","max-video-preview":"max-video-preview:-1"},"canonical":"https:\/\/swsm.pl\/uprzejmie-informujemy-ze-w-dniu-03-04-2026-r-dziekanat-biblioteka-oraz-kwestura-beda-nieczynne\/","og_locale":"ru_RU","og_type":"article","og_title":"Uprzejmie informujemy, \u017ce w dniu 2.05.2026 r. Dziekanat, Biblioteka oraz Kwestura b\u0119d\u0105 nieczynne. - SWSM","og_url":"https:\/\/swsm.pl\/uprzejmie-informujemy-ze-w-dniu-03-04-2026-r-dziekanat-biblioteka-oraz-kwestura-beda-nieczynne\/","og_site_name":"SWSM","article_modified_time":"2026-04-28T09:10:27+00:00","twitter_card":"summary_large_image","schema":{"@context":"https:\/\/schema.org","@graph":[{"@type":"WebPage","@id":"https:\/\/swsm.pl\/uprzejmie-informujemy-ze-w-dniu-03-04-2026-r-dziekanat-biblioteka-oraz-kwestura-beda-nieczynne\/","url":"https:\/\/swsm.pl\/uprzejmie-informujemy-ze-w-dniu-03-04-2026-r-dziekanat-biblioteka-oraz-kwestura-beda-nieczynne\/","name":"Uprzejmie informujemy, \u017ce w dniu 2.05.2026 r. Dziekanat, Biblioteka oraz Kwestura b\u0119d\u0105 nieczynne. - SWSM","isPartOf":{"@id":"https:\/\/swsm.pl\/#website"},"datePublished":"2026-04-28T09:09:24+00:00","dateModified":"2026-04-28T09:10:27+00:00","breadcrumb":{"@id":"https:\/\/swsm.pl\/uprzejmie-informujemy-ze-w-dniu-03-04-2026-r-dziekanat-biblioteka-oraz-kwestura-beda-nieczynne\/#breadcrumb"},"inLanguage":"ru-RU","potentialAction":[{"@type":"ReadAction","target":["https:\/\/swsm.pl\/uprzejmie-informujemy-ze-w-dniu-03-04-2026-r-dziekanat-biblioteka-oraz-kwestura-beda-nieczynne\/"]}]},{"@type":"BreadcrumbList","@id":"https:\/\/swsm.pl\/uprzejmie-informujemy-ze-w-dniu-03-04-2026-r-dziekanat-biblioteka-oraz-kwestura-beda-nieczynne\/#breadcrumb","itemListElement":[{"@type":"ListItem","position":1,"name":"Strona g\u0142\u00f3wna","item":"https:\/\/swsm.pl\/ru\/"},{"@type":"ListItem","position":2,"name":"Uprzejmie informujemy, \u017ce w dniu 2.05.2026 r. Dziekanat, Biblioteka oraz Kwestura b\u0119d\u0105 nieczynne."}]},{"@type":"WebSite","@id":"https:\/\/swsm.pl\/#website","url":"https:\/\/swsm.pl\/","name":"SWSM","description":"\u015al\u0105ska Wy\u017csza Szko\u0142a Medyczna w Katowicach","potentialAction":[{"@type":"SearchAction","target":{"@type":"EntryPoint","urlTemplate":"https:\/\/swsm.pl\/?s={search_term_string}"},"query-input":{"@type":"PropertyValueSpecification","valueRequired":true,"valueName":"search_term_string"}}],"inLanguage":"ru-RU"}]}},"_links":{"self":[{"href":"https:\/\/swsm.pl\/ru\/wp-json\/wp\/v2\/waznekomunikaty_cpt\/29552","targetHints":{"allow":["GET"]}}],"collection":[{"href":"https:\/\/swsm.pl\/ru\/wp-json\/wp\/v2\/waznekomunikaty_cpt"}],"about":[{"href":"https:\/\/swsm.pl\/ru\/wp-json\/wp\/v2\/types\/waznekomunikaty_cpt"}],"author":[{"embeddable":true,"href":"https:\/\/swsm.pl\/ru\/wp-json\/wp\/v2\/users\/9"}],"wp:attachment":[{"href":"https:\/\/swsm.pl\/ru\/wp-json\/wp\/v2\/media?parent=29552"}],"wp:term":[{"taxonomy":"waznekomunikaty_cpt_tags","embeddable":true,"href":"https:\/\/swsm.pl\/ru\/wp-json\/wp\/v2\/waznekomunikaty_cpt_tags?post=29552"}],"curies":[{"name":"wp","href":"https:\/\/api.w.org\/{rel}","templated":true}]}}

Uprzejmie informujemy, że w dniu 2.05.2026 r. Dziekanat, Biblioteka oraz Kwestura będą nieczynne.

<section class="textBlock textBlock--0 ">
    <div class="tbc">
        <div class="container">
            <div class="row">
                                    <div class="col-12">
                                                                                                    <div class="text text--2 color--navy-500 tbc__desc"><p>Uprzejmie informujemy, że w dniu <strong>2.05.2026 r</strong>. Dziekanat, Biblioteka oraz Kwestura będą <strong>nieczynne</strong>.</p>
</div>                                                                    </div>
                                                                                                            </div>
        </div>
    </div>
</section>

<!-- This site is optimized with the Yoast SEO plugin v27.5 - https://yoast.com/product/yoast-seo-wordpress/ -->
<title>Uprzejmie informujemy, że w dniu 2.05.2026 r. Dziekanat, Biblioteka oraz Kwestura będą nieczynne. - SWSM</title>
<meta name="robots" content="index, follow, max-snippet:-1, max-image-preview:large, max-video-preview:-1" />
<link rel="canonical" href="https://swsm.pl/uprzejmie-informujemy-ze-w-dniu-03-04-2026-r-dziekanat-biblioteka-oraz-kwestura-beda-nieczynne/" />
<meta property="og:locale" content="ru_RU" />
<meta property="og:type" content="article" />
<meta property="og:title" content="Uprzejmie informujemy, że w dniu 2.05.2026 r. Dziekanat, Biblioteka oraz Kwestura będą nieczynne. - SWSM" />
<meta property="og:url" content="https://swsm.pl/uprzejmie-informujemy-ze-w-dniu-03-04-2026-r-dziekanat-biblioteka-oraz-kwestura-beda-nieczynne/" />
<meta property="og:site_name" content="SWSM" />
<meta property="article:modified_time" content="2026-04-28T09:10:27+00:00" />
<meta name="twitter:card" content="summary_large_image" />
<script type="application/ld+json" class="yoast-schema-graph">{"@context":"https:\/\/schema.org","@graph":[{"@type":"WebPage","@id":"https:\/\/swsm.pl\/uprzejmie-informujemy-ze-w-dniu-03-04-2026-r-dziekanat-biblioteka-oraz-kwestura-beda-nieczynne\/","url":"https:\/\/swsm.pl\/uprzejmie-informujemy-ze-w-dniu-03-04-2026-r-dziekanat-biblioteka-oraz-kwestura-beda-nieczynne\/","name":"Uprzejmie informujemy, że w dniu 2.05.2026 r. Dziekanat, Biblioteka oraz Kwestura będą nieczynne. - SWSM","isPartOf":{"@id":"https:\/\/swsm.pl\/#website"},"datePublished":"2026-04-28T09:09:24+00:00","dateModified":"2026-04-28T09:10:27+00:00","breadcrumb":{"@id":"https:\/\/swsm.pl\/uprzejmie-informujemy-ze-w-dniu-03-04-2026-r-dziekanat-biblioteka-oraz-kwestura-beda-nieczynne\/#breadcrumb"},"inLanguage":"ru-RU","potentialAction":[{"@type":"ReadAction","target":["https:\/\/swsm.pl\/uprzejmie-informujemy-ze-w-dniu-03-04-2026-r-dziekanat-biblioteka-oraz-kwestura-beda-nieczynne\/"]}]},{"@type":"BreadcrumbList","@id":"https:\/\/swsm.pl\/uprzejmie-informujemy-ze-w-dniu-03-04-2026-r-dziekanat-biblioteka-oraz-kwestura-beda-nieczynne\/#breadcrumb","itemListElement":[{"@type":"ListItem","position":1,"name":"Strona główna","item":"https:\/\/swsm.pl\/ru\/"},{"@type":"ListItem","position":2,"name":"Uprzejmie informujemy, że w dniu 2.05.2026 r. Dziekanat, Biblioteka oraz Kwestura będą nieczynne."}]},{"@type":"WebSite","@id":"https:\/\/swsm.pl\/#website","url":"https:\/\/swsm.pl\/","name":"SWSM","description":"Śląska Wyższa Szkoła Medyczna w Katowicach","potentialAction":[{"@type":"SearchAction","target":{"@type":"EntryPoint","urlTemplate":"https:\/\/swsm.pl\/?s={search_term_string}"},"query-input":{"@type":"PropertyValueSpecification","valueRequired":true,"valueName":"search_term_string"}}],"inLanguage":"ru-RU"}]}</script>
<!-- / Yoast SEO plugin. -->

Uprzejmie informujemy, że w dniu 2.05.2026 r. Dziekanat, Biblioteka oraz Kwestura będą nieczynne. - SWSM

Strona główna

Śląska Wyższa Szkoła Medyczna w Katowicach
